{"id":2567,"date":"2020-05-31T19:06:35","date_gmt":"2020-05-31T17:06:35","guid":{"rendered":"http:\/\/tandem-dance.org\/wp\/?page_id=2567"},"modified":"2025-05-21T12:40:42","modified_gmt":"2025-05-21T10:40:42","slug":"direction","status":"publish","type":"page","link":"https:\/\/www.tandem-dance.org\/?page_id=2567","title":{"rendered":"Direction"},"content":{"rendered":"<!-- wp:extendstudio\/materialis--><div  data-label=\"Team\" data-id=\"team--2\" data-export-id=\"team-9-materialis\" data-category=\"team\" class=\"team-9m content-section content-section-spacing-large\" id=\"team-2\" style=\"background-color: rgb(255, 255, 255); background-image: none;\"><div  class=\"gridContainer\"> <div  class=\"row space-bottom\"><div  class=\"section-title-col\" data-type=\"column\"> <h2  class=\"\"><sup ><span  style=\"font-family: &quot;Playfair Display&quot;, arial, helvetica, sans-serif; font-style: italic;\">l\u2019<\/span><\/sup>\u00c9QUIPE DIRIGEANTE<\/h2> <h5  class=\"\">toute l\u2019\u00e9quipe dirigeante et d\u2019animation<\/h5><img  decoding=\"async\" class=\"custom-image\" src=\"https:\/\/www.tandem-dance.org\/wp\/wp-content\/uploads\/2020\/04\/line_org.jpg\"><\/div> <\/div> <div  class=\"row spaced-cols content-center-sm center-sm\" data-type=\"row\"> <div  class=\"col-xs-12 col-sm-4 col-padding col-md-12 \"> <div  class=\"row \"> <div  data-type=\"column\" class=\"col-xs-12 col-sm-12\">    <div  data-editable=\"true\" data-name=\"materialis-widgets-area\" data-content-shortcode=\"materialis_display_widgets_area id=&quot;materialis_users_custom_widgets_areas_21&quot; \" class=\"\"><div data-name=\"materialis-widgets-area\"><div id=\"block-33\" class=\"widget widget_block\"><div class=\"stit-cd\" align=\"center\">\n\tle bureau directeur<br \/>\n\t<figure class=\"line-cd\"><img loading=\"lazy\" decoding=\"async\" src=\"https:\/\/www.tandem-dance.org\/_img\/line_org.jpg\" width=\"165\" height=\"1\" alt=\"\"\/><\/figure>\n\t\n\t<div id=\"bur-cd\" class=\"section-cd\">\n\t\t<div id=\"secretaire\" class=\"bur-cd\">\n\t\t\t<figure class=\"photo-cd\"><img loading=\"lazy\" decoding=\"async\" src=\"https:\/\/www.tandem-dance.org\/_img\/cd_brigitte.png\" width=\"110\" height=\"110\" alt=\"Brigitte\"\/><\/figure>\n\t\t\t<div class=\"nom-cd\">Brigitte<\/div>\n\t\t\t<div class=\"poste-cd\">tr\u00e9sori\u00e8re<\/div>\n\t\t<\/div>\n\t\t<div id=\"president\">\n\t\t\t<figure class=\"photo-cd\"><img loading=\"lazy\" decoding=\"async\" src=\"https:\/\/www.tandem-dance.org\/_img\/cd_vincent.png\" width=\"110\" height=\"110\" alt=\"Vincent\"\/><\/figure>\n\t\t\t<div class=\"nom-cd\">Vincent<\/div>\n\t\t\t<div class=\"poste-cd\">pr\u00e9sident<\/div>\n\t\t\t<div class=\"tel-cd\">06 60 25 34 48<\/div>\n\t\t<\/div>\n\t\t<div id=\"tresorier\" class=\"bur-cd\">\n\t\t\t<figure class=\"photo-cd\"><img loading=\"lazy\" decoding=\"async\" src=\"https:\/\/www.tandem-dance.org\/_img\/cd_joel.png\" width=\"110\" height=\"110\" alt=\"Jo\u00ebl\"\/><\/figure>\n\t\t\t<div class=\"nom-cd\">Jo\u00ebl<\/div>\n\t\t\t<div class=\"poste-cd\">secr\u00e9taire g\u00e9n\u00e9ral<\/div>\n\t\t<\/div>\n\t<\/div>\n<\/div>\n\t\n<div class=\"stit-cd\" align=\"center\">\n\tle conseil d'administration<br \/>\n\t<figure class=\"line-cd\"><img loading=\"lazy\" decoding=\"async\" src=\"https:\/\/www.tandem-dance.org\/_img\/line_org.jpg\" width=\"230\" height=\"1\" alt=\"\"\/><\/figure>\n\n\t<div id=\"conseil1\" class=\"section-cd\">\n\t\t<div id=\"Marco\" class=\"conseil-cd\">\n\t\t\t<figure class=\"photo-cd\"><img loading=\"lazy\" decoding=\"async\" src=\"https:\/\/www.tandem-dance.org\/_img\/cd_marco.png\" width=\"110\" height=\"110\" alt=\"Marco\"\/><\/figure>\n\t\t\t<div class=\"nom-cd\">Marco<\/div>\n\t\t<\/div>\n\t\t<div id=\"Patou\" class=\"conseil-cd\">\n\t\t\t<figure class=\"photo-cd\"><img loading=\"lazy\" decoding=\"async\" src=\"https:\/\/www.tandem-dance.org\/_img\/cd_patricia.png\" width=\"110\" height=\"110\" alt=\"Patricia\"\/><\/figure>\n\t\t\t<div class=\"nom-cd\">Patricia<\/div>\n\t\t<\/div>\n\t\t<div id=\"Pietro\" class=\"conseil-cd\">\n\t\t\t<figure class=\"photo-cd\"><img loading=\"lazy\" decoding=\"async\" src=\"https:\/\/www.tandem-dance.org\/_img\/cd_pietro.png\" width=\"110\" height=\"110\" alt=\"Pietro\"\/><\/figure>\n\t\t\t<div class=\"nom-cd\">Pietro<\/div>\n\t\t<\/div>\n\t\t<div id=\"Celine\" class=\"conseil-cd\">\n\t\t\t<figure class=\"photo-cd\"><img loading=\"lazy\" decoding=\"async\" src=\"https:\/\/www.tandem-dance.org\/_img\/cd_celine.png\" width=\"110\" height=\"110\" alt=\"C\u00e9line\"\/><\/figure>\n\t\t\t<div class=\"nom-cd\">C\u00e9line<\/div>\n\t\t<\/div>\n\t<\/div>\n\t<div id=\"conseil2\" class=\"section-cd\">\n\t\t<div id=\"Domi\" class=\"conseil-cd\">\n\t\t\t<figure class=\"photo-cd\"><img loading=\"lazy\" decoding=\"async\" src=\"https:\/\/www.tandem-dance.org\/_img\/cd_dominique.png\" width=\"110\" height=\"110\" alt=\"Dominique\"\/><\/figure>\n\t\t\t<div class=\"nom-cd\">Dominique<\/div>\n\t\t<\/div>\n\t\t<div id=\"Philou\" class=\"conseil-cd\">\n\t\t\t<figure class=\"photo-cd\"><img loading=\"lazy\" decoding=\"async\" src=\"https:\/\/www.tandem-dance.org\/_img\/cd_philippe.png\" width=\"110\" height=\"110\" alt=\"Philippe\"\/><\/figure>\n\t\t\t<div class=\"nom-cd\">Philippe<\/div>\n\t\t<\/div>\n\t\t<div id=\"Christiane\" class=\"conseil-cd\">\n\t\t  <figure class=\"photo-cd\"><img loading=\"lazy\" decoding=\"async\" src=\"https:\/\/www.tandem-dance.org\/_img\/cd_christiane.png\" width=\"110\" height=\"110\" alt=\"Christiane\"\/><\/figure>\n\t\t\t<div class=\"nom-cd\">Christiane<\/div>\n\t  <\/div>\n\t<\/div>\n\t<div id=\"conseil3\" class=\"section-cd\">\n\t\t<div id=\"Jean\" class=\"conseil-cd\">\n\t\t\t<figure class=\"photo-cd\"><img loading=\"lazy\" decoding=\"async\" src=\"https:\/\/www.tandem-dance.org\/_img\/cd_jean.png\" width=\"110\" height=\"110\" alt=\"Jean\"\/><\/figure>\n\t\t\t<div class=\"nom-cd\">Jean<\/div>\n\t\t<\/div>\n\t\t<div id=\"Odile\" class=\"conseil-cd\">\n\t\t\t<figure class=\"photo-cd\"><img loading=\"lazy\" decoding=\"async\" src=\"https:\/\/www.tandem-dance.org\/_img\/cd_odile.png\" width=\"110\" height=\"110\" alt=\"M.Odile\"\/><\/figure>\n\t\t\t<div class=\"nom-cd\">Marie-Odile<\/div>\n\t\t<\/div>\n\t  \t<div id=\"Simon\" class=\"conseil-cd\">\n\t\t\t<figure class=\"photo-cd\"><img loading=\"lazy\" decoding=\"async\" src=\"https:\/\/www.tandem-dance.org\/_img\/cd_simon.png\" width=\"110\" height=\"110\" alt=\"Simon\"\/><\/figure>\n\t\t\t<div class=\"nom-cd\">Simon<\/div>\n\t\t<\/div>\n\t\t<div id=\"Babeth\" class=\"conseil-cd\">\n\t\t\t<figure class=\"photo-cd\"><img loading=\"lazy\" decoding=\"async\" src=\"https:\/\/www.tandem-dance.org\/_img\/cd_babeth.png\" width=\"110\" height=\"110\" alt=\"Babeth\"\/><\/figure>\n\t\t\t<div class=\"nom-cd\">Babeth<\/div>\n\t\t<\/div>\n\t<\/div>\n<\/div>\n<div class=\"stit-cd\" align=\"center\">\n\tles professeurs \/ entra\u00eeneurs<br \/>\n\t<figure class=\"line-cd\"><img loading=\"lazy\" decoding=\"async\" src=\"https:\/\/www.tandem-dance.org\/_img\/line_org.jpg\" width=\"250\" height=\"1\" alt=\"\"\/><\/figure>\n\t<div id=\"profs\" class=\"section-cd\">\n\t\t<div id=\"jeff\" class=\"profs-cd\">\n\t\t\t<figure class=\"photo-cd\"><img loading=\"lazy\" decoding=\"async\" src=\"https:\/\/www.tandem-dance.org\/_img\/cd_jeff.png\" width=\"110\" height=\"110\" alt=\"\"\/><\/figure>\n\t\t\t<div class=\"nom-cd\">Jeff<\/div>\n\t\t\t<div class=\"tel-cd\">06 64 62 09 97<\/div>\n\t\t<\/div>\n\t\t<div id=\"manon\" class=\"profs-cd\">\n\t\t\t<figure class=\"photo-cd\"><img loading=\"lazy\" decoding=\"async\" src=\"https:\/\/www.tandem-dance.org\/_img\/cd_manon.png\" width=\"110\" height=\"110\" alt=\"\"\/><\/figure>\n\t\t\t<div class=\"nom-cd\">Manon<\/div>\n\t\t\t<div class=\"tel-cd\">06 66 47 76 94<\/div>\n\t\t<\/div>\n\t<\/div>\n<\/div><\/div><\/div><\/div><h6  class=\"\"><span  style=\"font-style: italic; color: rgb(255, 128, 0);\">\n<br >\n<br >et tous les b\u00e9n\u00e9voles qui participent activement \u00e0 chaque organisation<\/span>\n<br >\n<\/h6><img  decoding=\"async\" class=\"custom-image\" src=\"https:\/\/www.tandem-dance.org\/wp\/wp-content\/uploads\/2020\/04\/line_lvd.jpg\"><p  class=\"\">Tandem Dance est une association r\u00e9gie par la loi de 1901, d\u00e9clar\u00e9e en pr\u00e9fecture sous le n\u00b0 W913001262.\n<br >Vous pouvez consulter ses statuts en suivant ce <a  style=\"text-decoration-line: underline; color: rgb(51, 51, 51);\" href=\"https:\/\/tandem-dance.org\/statuts\" data-mce-selected=\"inline-boundary\" class=\"\">lien<\/a><a  style=\"text-decoration-line: underline; color: rgb(51, 51, 51);\" href=\"https:\/\/tandem-dance.org\/wp\/statuts\" data-mce-selected=\"inline-boundary\" class=\"\"><\/a><\/p><\/div> <\/div><\/div>   <\/div><\/div> <\/div><!-- \/wp:extendstudio\/materialis-->","protected":false},"excerpt":{"rendered":"<p>l\u2019\u00c9QUIPE DIRIGEANTE toute l\u2019\u00e9quipe dirigeante et d\u2019animation et tous les b\u00e9n\u00e9voles qui participent activement \u00e0 chaque organisation Tandem Dance est une association r\u00e9gie par la loi de 1901, d\u00e9clar\u00e9e en pr\u00e9fecture sous le n\u00b0 W913001262. Vous pouvez consulter ses statuts en suivant ce lien<\/p>\n","protected":false},"author":1,"featured_media":0,"parent":0,"menu_order":0,"comment_status":"closed","ping_status":"closed","template":"","meta":{"footnotes":""},"class_list":["post-2567","page","type-page","status-publish","hentry"],"_links":{"self":[{"href":"https:\/\/www.tandem-dance.org\/index.php?rest_route=\/wp\/v2\/pages\/2567","targetHints":{"allow":["GET"]}}],"collection":[{"href":"https:\/\/www.tandem-dance.org\/index.php?rest_route=\/wp\/v2\/pages"}],"about":[{"href":"https:\/\/www.tandem-dance.org\/index.php?rest_route=\/wp\/v2\/types\/page"}],"author":[{"embeddable":true,"href":"https:\/\/www.tandem-dance.org\/index.php?rest_route=\/wp\/v2\/users\/1"}],"replies":[{"embeddable":true,"href":"https:\/\/www.tandem-dance.org\/index.php?rest_route=%2Fwp%2Fv2%2Fcomments&post=2567"}],"version-history":[{"count":34,"href":"https:\/\/www.tandem-dance.org\/index.php?rest_route=\/wp\/v2\/pages\/2567\/revisions"}],"predecessor-version":[{"id":5364,"href":"https:\/\/www.tandem-dance.org\/index.php?rest_route=\/wp\/v2\/pages\/2567\/revisions\/5364"}],"wp:attachment":[{"href":"https:\/\/www.tandem-dance.org\/index.php?rest_route=%2Fwp%2Fv2%2Fmedia&parent=2567"}],"curies":[{"name":"wp","href":"https:\/\/api.w.org\/{rel}","templated":true}]}}